11*v**2 + 25*v - 23. List the prime factors of m(5).
3, 7, 23
Let p = -30 + 35. Suppose -2*o = 3*b - 8, -p*o = b + b - 9. Suppose 0 = 4*f - 12, 3*f + 402 = 5*j + b*f. What are the prime factors of j?
3
Let c = 67 + -53. Suppose c*s - 17*s - 60 = 0. What are the prime factors of (-76)/(-6)*(-30)/s?
19
Suppose 43*p + 18 = 52*p. Suppose p*i - 365 + 163 = 0. List the prime factors of i.
101
Let g be (-58)/(-2)*(-2 - -3). Let s(c) = -2*c**3 + 9*c**2 - c - 4. Let a be s(4). Let p = g - a. What are the prime factors of p?
3, 7
Let x = 19496 - 1067. List the prime factors of x.
3, 6143
Let y(q) = -3*q**3 - 6*q**2 - 2*q - 6. Suppose -12*l + 14*l = 6. Suppose 15 = 3*x, 0 = -5*f - 5*x + 8 - l. List the prime factors of y(f).
2, 7
Let m be (13/(-4))/(7/(-84)). Suppose m*w = 41*w - 1116. What are the prime factors of ((-12)/18)/((-4)/w)?
3, 31
Let f(a) = 127*a**2 - 54*a - 395. What are the prime factors of f(-10)?
5, 7, 367
List the prime factors of (-824285)/(-88) + 30 - (-2)/16.
9397
Suppose 0 = 4*c - 2 + 18, -4*q + 5*c = 252. Let b = q - -3. List the prime factors of (-361)/(-5) - (-13)/b.
2, 3
Suppose -v = -5*i + 127678, -277*v - 51049 = -2*i - 284*v. List the prime factors of i.
5, 5107
Let p(y) be the first derivative of 25*y**4 - 2*y**3/3 + y**2/2 - 5*y - 30. List the prime factors of p(2).
3, 263
Suppose -79838 = 707*h - 748*h + 26803. What are the prime factors of h?
3, 17
Suppose -196*b + 192*b + 468 = 0. Suppose -i + b = -3. List the prime factors of i.
2, 3, 5
Let r be (-420)/245*7/(-1). What are the prime factors of 11558/10 + (r/15)/4?
2, 17
Suppose 2*x + 71704 = 5*v, 3*v = v - 4*x + 28672. What are the prime factors of v?
2, 3, 5, 239
Let g(t) = 959*t**2 - 2*t - 3. Let c be g(-1). Suppose -3*u = -5*i - 2144, 2*i = -3*u + c + 1200. What are the prime factors of u?
2, 359
Suppose 0 = -d - 4*v + 12931 + 9590, 180276 = 8*d + 5*v. What are the prime factors of d?
31, 727
What are the prime factors of (-8)/(-2)*((-20)/2)/10 + 6319?
3, 5, 421
Suppose -2*y + 5*y + 12125 = i, 5*y = 4*i - 48500. What are the prime factors of i?
5, 97
Let t = 14812 - 6024. List the prime factors of t.
2, 13
Suppose -42*l - 50*l = -104*l + 307752. List the prime factors of l.
2, 12823
Let y = -9218 - -10417. List the prime factors of y.
11, 109
Let z = 2970 + -2173. What are the prime factors of z?
797
Let v = -39 - -40. Suppose -2*c + v + 5 = 0. Suppose 2*b - 31 = -c. What are the prime factors of b?
2, 7
Let l(q) = -q**3 - 12*q**2 - 11*q + 6. Let d be l(-11). Suppose 2*v + 6 = 0, -3*v = -3*b + 27 - d. List the prime factors of b/(-6) - (664/(-6))/4.
3
Let q = -12876 - -69288. List the prime factors of q.
2, 3, 1567
Let s(l) = -32*l - 136. Suppose -3*v = -4*b + 42, 0 = -b - 2*b. What are the prime factors of s(v)?
2, 3, 13
Let i(n) be the second derivative of -n**5/2 + n**4/3 - 3*n**2/2 - n + 52. List the prime factors of i(-3).
3, 101
Let l be 31/((-3)/(-3) + 0). Suppose 2*p - 50 = -2*o, -27*p = 5*o - 24*p - 135. Suppose l*c - o*c - 190 = 0. What are the prime factors of c?
2, 5, 19
Let h(z) = z**2 - 5*z + 4. Let l = -5 - -11. Let w be h(l). List the prime factors of 182/w + 24/30.
19
Let k(h) = -3*h + 5. Let s be k(0). Let p = 194 - 75. Suppose 826 + p = s*u. What are the prime factors of u?
3, 7
Let i be 0/(-2) + -43 + 47. Suppose -i*n + 968 = 5*d, -6*n + 5*n = 5*d - 242. What are the prime factors of n?
2, 11
Let p(i) = 10*i - 2. Let z be (2/(-4))/(((-5)/(-2))/(-5)). Let h be p(z). Suppose -77 = -3*w + 5*g, -h*w + 4*g = -5*w - 76. List the prime factors of w.
2, 3
Let b(d) = -d**3 + 29*d**2 - 50*d - 104. Suppose -70 = -3*f + 5*h, -4*f + 3*h + 96 = -h. List the prime factors of b(f).
2, 3, 191
Suppose 554*x - 553*x + 110 = 0. Let k = 609 - x. What are the prime factors of k?
719
Let o = 318 - 312. Suppose 0 = -o*f - 7*f + 1352. List the prime factors of f.
2, 13
Let r = -180 + 460. List the prime factors of (-30)/((-122)/r + 6/21).
2, 5
Suppose -545677 = -135*d + 22*d. What are the prime factors of d?
11, 439
Let v = -39748 + 59237. What are the prime factors of v?
19489
Suppose -57*k + 122084 + 59461 = 0. What are the prime factors of k?
5, 7, 13
Let u(d) = 627*d**2 + 5*d - 4. Suppose 2*x + 4 = 3*c - 5*c, -6 = 2*x. What are the prime factors of u(c)?
2, 157
Suppose -40*u = -43*u + 15771. Suppose 8*r - u = -1601. What are the prime factors of r?
457
What are the prime factors of ((-4)/(-6) - 4/3) + (-796328)/(-39)?
2, 3, 41, 83
Suppose 0 = 2*q + i - 18231 + 3167, -5*i - 7510 = -q. List the prime factors of q.
2, 3, 5, 251
Suppose t + 3*t + 5 = -5*u, 2*t - 3 = 3*u. Suppose t = -2*f + 253 + 191. Let c = -108 + f. List the prime factors of c.
2, 3, 19
Suppose 6 = 11*y - 8*y, -4*t - 3*y + 33234 = 0. What are the prime factors of t?
3, 13, 71
Suppose 2*d + 60*a = 63*a + 110006, 2*d + 5*a = 109942. List the prime factors of d.
127, 433
Suppose 2*j = -4*x - 12, 8 = -2*j - 5*x - 7. Suppose -9*t + 12*t - 2901 = j. What are the prime factors of t?
967
Suppose -2625 = -4*m + 1663. Suppose 5*s + 4*x = m, -2*x = 8*s - 5*s - 644. List the prime factors of s.
2, 3
Let h be (-1 - 45/(-35)) + 6/(-21). Suppose -y = 2, 1531 = 3*b - h*b + 4*y. What are the prime factors of b?
3, 19
Let f be (-5624)/(-36) - (-7 - (-650)/90). Let u = -8 + 11. Suppose u*x - f = x. List the prime factors of x.
2, 3, 13
Suppose -4902 = g - 3*g + 4*r, -2*g - r = -4892. What are the prime factors of g?
2447
Let k be (128 - -11)*(0 + -1). Let x = -12 - k. Suppose 8*o - 73 = x. What are the prime factors of o?
5
Suppose -5855 = 2*l + 2*v - 23327, 0 = 3*l - 5*v - 26184. What are the prime factors of l?
3, 41, 71
Let v = -2 + -3. Let k be (-10)/(-2) - (1 + -5 - v). What are the prime factors of k/30 - 718/(-15)?
2, 3
List the prime factors of (-1)/((3/3)/(-19378)) + -4 + 10.
2, 2423
Let c(x) = -x**3 + 2*x**2 - 4*x + 4. Let a be c(1). Let j(k) = 462*k**3 + k**2 - 3*k + 1. List the prime factors of j(a).
461
Let m(b) be the first derivative of -b**4/12 - 10*b**3/3 - 29*b**2/2 + 11*b + 8. Let j(k) be the first derivative of m(k). What are the prime factors of j(-18)?
7
Suppose 2*f + 5 = 3*q, 3*f - 4*q + 3 = -2. Suppose -w - 4 = -4*o + 2, 0 = -f*o - 5*w - 5. List the prime factors of (1 - o) + (-32)/(-2).
2
Let u(l) = -2*l - 54. Let h be u(-22). Let v be 1/2 + 1*(-20)/(-8). List the prime factors of (-1 + (-6)/h)*(-188 + v).
2, 37
Let m(b) = b + 1. Let q(x) = 39*x - 38. Let l(g) = -4*m(g) + q(g). List the prime factors of l(12).
2, 3, 7
Let x be (4/6)/((-7)/105). Let q(b) be the second derivative of b**5/20 + b**4 - b**3/2 - 17*b**2/2 - 9*b. List the prime factors of q(x).
3, 71
Let x = -14 + 18. Suppose 4*c + 3*n + 84 = 0, 2*n + 0*n = -4*c - 80. List the prime factors of (-14)/x*(c + 16).
7
Let t be (-32)/20 + 2/(-5). Let k be t/4*(121 - -1). Let f = k - -121. List the prime factors of f.
2, 3, 5
What are the prime factors of (((-33)/22)/((-3)/(-916)))/(1/(-4))?
2, 229
Let t = 357 + -352. Suppose t*j + 667 = 3922. List the prime factors of j.
3, 7, 31
Let s(v) = 2*v**2 - 11*v + 17. Let h be s(6). Suppose -22656 + 5958 = -h*d. What are the prime factors of d?
2, 3, 11
Let t(l) = -l**2 - 368*l + 279. List the prime factors of t(-70).
21139
Suppose 8 - 78 = -5*a. Let t be (4/a - 10/(-35))*7. Suppose -m + t*h + 75 = 0, 5*m - 3*h - 316 = 8. What are the prime factors of m?
3, 7
Suppose 555 = -3*i + z, 5*i - 2*z + 945 = 20. Let s = 303 + i. Suppose -622 + s = -9*t. What are the prime factors of t?
2, 7
Suppose -i + 27 = -5*j, -3*i - 30 = 5*j - 11. List the prime factors of j + (-10)/2 + 358/1.
2, 3, 29
Suppose -2*q + 64 = -2. Let v be 2 + 6/q + (-4)/22. Suppose -v*x + 225 = -123. List the prime factors of x.
2, 3, 29
Let b(p) = -2*p + 34. Let j be b(16). Suppose x + x + 4*z = 1722, -1732 = -2*x - j*z. Suppose -11*a - 2*a + x = 0. List the prime factors of a.
67
Let a(q) = 47*q**3 - 2*q**2 + 7*q - 17. Let o(w) = 17*w - 117. Let r be o(7). List the prime factors of a(r).
5, 73
Let g be (-30)/(-4)*18/45. List the prime factors of (-1 + 394 - 3) + (7 - g).
2, 197
Suppose -5*v + 1640 = -3*v + 4*o, 2*v - 1605 = 3*o. Suppose 5*i + 5*k = 780, 5*i + 10*k = 11*k + v. What are the prime factors of i?
7, 23
Let x be (-44275)/(-85) + (-2)/(-17). Let s = x + -174. What are the prime factors of s?
347
Let d(u) = 47*u - 106*u + 39*u